
What is ce3b (base 16) in base 10?
52795
What is 1721a (base 11) in base 5?
1233341
-25232 (base 10) to base 9
-37545
15a0 (base 11) to base 12
1226
Convert -10435 (base 10) to base 7.
-42265
-11111110100 (base 2) to base 8
-3764
What is 242521 (base 7) in base 12?
21684
Convert -534 (base 11) to base 12.
-456
20645 (base 7) to base 12
2b75
What is 15b9 (base 13) in base 15?
e2e
Convert 605 (base 10) to base 4.
21131
What is -221 (base 9) in base 16?
-b5
What is 6021 (base 8) in base 15?
dae
Convert -111535 (base 6) to base 7.
-36446
Convert -6242 (base 9) to base 13.
-210b
What is 4681 (base 10) in base 2?
1001001001001
Convert -62632 (base 7) to base 11.
-10639
What is 234041 (base 6) in base 14?
75a1
What is -26142 (base 9) in base 3?
-220011102
What is 215 (base 15) in base 8?
726
Convert -36220 (base 7) to base 12.
-5511
Convert -101001111111 (base 2) to base 12.
-167b
What is -37499 (base 10) in base 2?
-1001001001111011
2678 (base 9) to base 15
8e5
What is 21313112 (base 4) in base 14?
10a22
What is -1100220010 (base 3) in base 15?
-7e80
What is -7394 (base 15) in base 13?
-b17c
What is -14026 (base 11) in base 16?
-4e19
What is 10011100000 (base 2) in base 4?
103200
What is c5 (base 16) in base 4?
3011
-5010 (base 7) to base 13
-a26
What is 42697 (base 10) in base 5?
2331242
3176 (base 10) to base 14
122c
What is 25105 (base 6) in base 11?
2876
Convert -1d0 (base 14) to base 13.
-231
Convert -58b (base 12) to base 6.
-3455
Convert 22c8 (base 13) to base 2.
1001100100000
-13673 (base 8) to base 3
-22100000
What is 1954 (base 13) in base 5?
110122
What is -2243 (base 6) in base 15?
-256
Convert 6a9 (base 15) to base 4.
113211
Convert -42a (base 15) to base 10.
-940
1329 (base 10) to base 12
929
-303 (base 12) to base 3
-121010
What is 703 (base 8) in base 5?
3301
-2334 (base 6) to base 12
-3aa
Convert -52100 (base 7) to base 5.
-401430
Convert -43737 (base 8) to base 5.
-1042044
Convert 10100101010 (base 2) to base 8.
2452
What is -366 (base 14) in base 10?
-678
What is -1110101001 (base 2) in base 6?
-4201
5083 (base 9) to base 12
21a0
What is -102202330 (base 4) in base 6?
-1343404
What is -10304 (base 12) in base 14?
-7a04
What is -4b64 (base 14) in base 8?
-31644
-31565 (base 7) to base 12
-4652
Convert -2059 (base 10) to base 8.
-4013
Convert -15230 (base 6) to base 16.
-9a2
2114323 (base 5) to base 12
18718
Convert -15023 (base 6) to base 12.
-1473
What is 330310 (base 4) in base 11?
2a19
Convert -45703 (base 9) to base 8.
-73373
Convert -7024 (base 13) to base 6.
-155201
1014 (base 10) to base 13
600
Convert 123343 (base 5) to base 7.
20064
-13543 (base 11) to base 3
-222110022
146603 (base 7) to base 6
341102
Convert 507 (base 10) to base 12.
363
What is 97ad (base 14) in base 15?
7b81
What is -15243 (base 7) in base 12?
-2559
-1445 (base 12) to base 16
-935
Convert 3461 (base 16) to base 5.
412114
What is -10111212 (base 3) in base 13?
-1220
101100011011 (base 2) to base 16
b1b
What is -a33 (base 12) in base 10?
-1479
What is -333 (base 15) in base 2?
-1011010011
6d (base 16) to base 10
109
-13110 (base 4) to base 5
-3333
Convert -373 (base 14) to base 16.
-2b1
What is 11446 (base 10) in base 4?
2302312
What is -122021 (base 3) in base 12?
-32a
What is 173 (base 11) in base 16?
c9
-10 (base 15) to base 7
-21
What is 1120122 (base 3) in base 11?
957
Convert 28 (base 9) to base 10.
26
What is -37313 (base 8) in base 16?
-3ecb
2226 (base 11) to base 14
10d6
What is -140531 (base 6) in base 8?
-31547
Convert 12233 (base 10) to base 5.
342413
10010000000 (base 3) to base 8
167464
1133542 (base 6) to base 13
20c1b
Convert -21003130 (base 4) to base 14.
-d72c
1232 (base 7) to base 15
20e
Convert 8124 (base 10) to base 13.
390c
What is -43616 (base 7) in base 8?
-25274
-526 (base 12) to base 4
-23232
24d (base 15) to base 3
201101
3d38 (base 16) to base 5
1000142
-14541 (base 6) to base 14
-c0d
What is 64424 (base 7) in base 13?
7382
304410 (base 7) to base 2
1100101100011100
Convert 835 (base 12) to base 14.
613
Convert 149b (base 14) to base 9.
5022
Convert -200012 (base 3) to base 4.
-13223
1120011 (base 3) to base 7
3214
-2130311 (base 4) to base 7
-41156
What is 2b04b (base 13) in base 15?
19187
-2256 (base 7) to base 12
-589
309 (base 10) to base 7
621
543 (base 9) to base 10
444
77477 (base 8) to base 9
48614
1001100010101 (base 2) to base 3
20200221
What is -10537 (base 12) in base 9?
-32437
Convert 310 (base 8) to base 9.
242
-3113002 (base 4) to base 3
-200212201
-36725 (base 8) to base 10
-15829
What is 9665 (base 13) in base 10?
20870
-9042 (base 10) to base 8
-21522
-10110110100001 (base 2) to base 8
-26641
What is -126470 (base 8) in base 15?
-d214
-14014 (base 8) to base 12
-3690
-1a6 (base 13) to base 16
-131
Convert 1b32a (base 15) to base 7.
515626
What is 580 (base 12) in base 11?
682
-12535 (base 6) to base 5
-30211
-3220 (base 6) to base 14
-3a4
Convert -298 (base 13) to base 2.
-111001111
What is -131a (base 12) in base 6?
-14034
Convert 1034032 (base 5) to base 7.
103346
What is -2273a (base 12) in base 14?
-12a86
Convert -37a27 (base 11) to base 3.
-2202201202
Convert -1011110001010 (base 2) to base 3.
-22021012
What is 1a15 (base 14) in base 10?
4723
Convert 1635 (base 13) to base 16.
cb7
24131 (base 5) to base 11
1389
-33a (base 12) to base 16
-1de
Convert -251 (base 11) to base 13.
-19c
What is -2110221 (base 3) in base 8?
-3417
Convert 5600 (base 8) to base 14.
1104
Convert 7463 (base 9) to base 6.
41220
What is -1002111 (base 3) in base 11?
-664
Convert -5bc (base 13) to base 2.
-1111101000
Convert -191 (base 15) to base 4.
-11221
Convert -11377 (base 9) to base 8.
-16663
What is 40a1 (base 14) in base 7?
44261
-7432 (base 10) to base 3
-101012021
3c64 (base 13) to base 15
28a1
194 (base 11) to base 13
143
133302 (base 4) to base 9
2710
What is -bd8 (base 15) in base 3?
-10200012
-6202 (base 9) to base 2
-1000110111010
What is -191b4 (base 13) in base 2?
-1011111000001010
-111110101101 (base 2) to base 3
-12111122
Convert -18c (base 16) to base 3.
-112200
What is -5842 (base 14) in base 3?
-210001101
Convert 4bd (base 14) to base 8.
1667
Convert -11860 (base 12) to base 6.
-301400
Convert -275 (base 8) to base 9.
-230
What is -3a35 (base 15) in base 10?
-12425
3220311 (base 4) to base 11
10217
What is 17b1 (base 12) in base 8?
5465
1200022212 (base 3) to base 9
50285
Convert -372 (base 9) to base 10.
-308
Convert 151 (base 11) to base 12.
129
What is -534204 (base 6) in base 2?
-1010101010111100
Convert 24871 (base 10) to base 2.
110000100100111
1011021122 (base 3) to base 7
123326
Convert -a9 (base 16) to base 10.
-169
What is -104342 (base 5) in base 2?
-111010001010
116328 (base 9) to base 10
70253
Convert 132321 (base 5) to base 13.
2576
Convert 2022 (base 8) to base 13.
622
What is 23243 (base 6) in base 2?
110100001011
Convert 427 (base 15) to base 9.
1251
-1540 (base 7) to base 5
-4431
1101011101010 (base 2) to base 6
51522
8c7 (base 13) to base 6
11003
Convert 20001222 (base 3) to base 2.
1000101001011
1010110021 (base 3) to base 12
10a21
Convert 89a (base 16) to base 6.
14110
Convert -4652 (base 10) to base 15.
-15a2
What is 1929 (base 11) in base 4?
212103
-1587 (base 14) to base 9
-5240
Convert 501 (base 7) to base 5.
1441
-1211022201 (base 3) to base 13
-1349b
Convert 26437 (base 11) to base 6.
450544
What is -14695 (base 12) in base 10?
-28625
Convert -200000001 (base 3) to base 6.
-140431
61b (base 14) to base 11
9a2
What is 24b7 (base 15) in base 4?
1322032
What is -220112020 (base 3) in base 13?
-81a5
Convert 49130 (base 11) to base 10.
70697
Convert -1201 (base 9) to base 7.
-2413
-327d (base 16) to base 11
-9790
What is -1281 (base 11) in base 9?
-2246
Convert -11048 (base 11) to base 15.
-4b34
What is -43 (base 9) in base 6?
-103
What is 80a (base 14) in base 7?
4413
What is -23231 (base 7) in base 10?
-5951
Convert 104042 (base 5) to base 10.
3647
Convert -105122 (base 6) to base 3.
-110012212
Convert 1a73 (base 14) to base 5.
123210
Convert 111220101 (base 3) to base 13.
47c8
Convert -3a76 (base 16) to base 6.
-153142
Convert -10022011 (base 3) to base 15.
-aa7
What is 18480 (base 11) in base 7?
135253
What is 32865 (base 11) in base 13?
188a5
Convert 1542 (base 9) to base 13.
6c2
